
Suppose -5*z + 3*n - 9 = 0, -9 = -2*z - 3*z - 3*n. Let t = 25 + -26. Let o = t + z. Let p(b) = -b**2. Give p(o).
-1
Let g be -4*3/(-6) + -1. Let s be g*(2 + -2)/3. Let l(n) = 1 - 3*n**3 - 6*n**2 + s + 2*n**3 - 6*n. Calculate l(-5).
6
Let g(p) = -p**2 - 7*p + 7. Let j be g(-7). Let z(r) = -r - 5 + j + 7 + 1. Determine z(6).
4
Let z(v) = v - 1. Suppose 2*h = 10, 3*h = 2*a + 5*h - 26. Let q be ((-8)/(-14))/(a/28). Give z(q).
1
Let z(l) = l**3 - 2*l**2 + 2*l - 3. Let v(f) = -2*f**3 + f**2 - f + 3. Let a(g) = -2*v(g) - 3*z(g). Calculate a(-5).
-2
Let u(b) be the third derivative of 1/60*b**5 - 2*b**2 - 1/6*b**4 + 0*b + 0 - 7/6*b**3. Give u(5).
-2
Let f(w) be the second derivative of -w**5/20 + 7*w**4/12 - 7*w**3/6 + 4*w. Give f(6).
-6
Suppose j - 5*j + 3*n - 14 = 0, 0 = 5*j + 5*n. Let d(a) = 11*a. What is d(j)?
-22
Let o = 10 - 12. Let h(r) = -1. Let v(z) = 2*z - 10. Let x(n) = -12*h(n) + v(n). Calculate x(o).
-2
Suppose 3*v = 6*v - 9. Let z(m) = -m - 6 - v*m**2 + 2*m**2 + 2*m + 5. Determine z(-2).
-7
Suppose n - 23 = -5*p, 3 = n - 3*p + 12. Let u(x) = x**2 - 1. Let r(f) = -f**2 + 2*f + 1. Let o(w) = n*u(w) + r(w). Give o(-2).
2
Let l(p) = -3*p**3 + 0 - 2*p**3 + 1. Let w(i) = -i + 7. Let v be (20/15)/((-4)/(-18)). Let h be w(v). Give l(h).
-4
Let m(o) = o**2 - o + 10. Let s(k) = -5*k**2 + 4*k - 41. Let h(a) = -9*m(a) - 2*s(a). Determine h(0).
-8
Let p(x) be the second derivative of -x**4/12 + x**3/6 + x**2/2 - x. Let h be (-4)/14 - 37/(-7). Suppose 3*d + h - 11 = 0. Give p(d).
-1
Let h(w) be the first derivative of -w**2/2 - w + 79. Let c(u) be the first derivative of u**4/4 - u**3/3 - u**2/2 - 4*u - 1. Let y be c(0). Determine h(y).
3
Let y(s) = -s + 5. Let p = -9 + 9. Give y(p).
5
Let r(d) = d + 3. Let b(g) = -6*g**2 + g. Let i be b(1). Let f = -2 - i. What is r(f)?
6
Let a(d) = 11*d**3 + 2*d**2 - 11*d + 2. Let z(i) = 5*i**3 + i**2 - 6*i + 1. Let l(h) = -4*a(h) + 7*z(h). Determine l(1).
-9
Let v(z) = z**3 + z**2 - 4*z - 1. Let w be (-5 - -4)*-1*5. Suppose -5*i - 35 = 5*x, -w*i - 49 = 3*x - 18. Let h = x + -1. Calculate v(h).
-7
Let u(w) = -16 + 2*w + 6 + 7 + 0. Determine u(4).
5
Let d(f) = 2*f**2 + 5*f - 5. Suppose 0 = -3*t + 2*h - 15, 0 = -3*t + h - 2 - 13. What is d(t)?
20
Suppose -2*x - 2 = -8. Suppose 5 = 2*j - i, -x*i - 2*i = -4*j + 19. Let g(c) = 0*c**2 + 4*c**3 + c**2 + 5*c**3. Give g(j).
10
Let v(q) = -q. Let y(p) = -1. Let x(f) = -v(f) - 2*y(f). Suppose 0 = -5*n + 10 + 10. Calculate x(n).
6
Let m be (-1)/((-2)/(-2))*-5. Let z(h) be the first derivative of -h**4/4 + 5*h**3/3 + h**2 - 2*h - 1. Give z(m).
8
Let d = 29 - 17. Let l be d/2 - (-2)/(-2). Let u(p) = 5*p**2 - 3. Let n(t) = 11*t**2 + t - 7. Let s(b) = 4*n(b) - 9*u(b). What is s(l)?
-6
Let p(k) = -3*k - 6. Let q(n) = 4*n + 6. Let u(s) = -7*p(s) - 6*q(s). What is u(4)?
-6
Let k(z) = z + 4. Let s(l) be the second derivative of -l**4/12 - l**3/6 + 3*l**2/2 + 3*l. Let p be s(-3). What is k(p)?
1
Suppose 4*j = -j + 25. Let k(l) = 4*l**3 + l**2 - 6*l - 10. Let x(z) = -3*z**3 - 2*z**2 + 6*z + 9. Let s(r) = 4*k(r) + 5*x(r). What is s(j)?
10
Let x(l) = 3*l**2 + 5 - 8*l - 4*l**2 + 4*l. Let y(p) = p**3 + 7*p**2 - 6*p + 11. Let i be y(-8). Give x(i).
0
Let d(b) = -b**2 - 4*b - 2. Let q(g) = -3*g - g**2 - g**3 - 2*g + 6*g**2 - 2 + g**2. Let f be q(5). Let y be d(f). Let i(v) = -3*v. Calculate i(y).
-6
Let n(u) = u**3 + 5*u**2 - 2*u - 3. Let k be n(-5). Let i = k + -4. Let m(d) = 2*d + 5*d**2 - d**2 - 3 - d**i - d**2. Give m(4).
-11
Suppose -3*y + 15 = 3. Let z(m) = -3*m + 1 - 2*m**2 + 3 - y. Suppose 0 = -4*o + 2 - 10. Determine z(o).
-2
Suppose 2*y = 6, -5*w + 2 = 4*y + 5. Let k(m) = -3*m**3 - 7*m**2 + 11. Let s(u) = u**3 + 2*u**2 - 4. Let n(f) = w*k(f) - 8*s(f). Calculate n(-5).
-1
Let u(f) = -f - 2. Let q(m) = -1. Let n(l) = -l - 11. Let y(w) = -n(w) + 2*q(w). Let d be y(-11). Determine u(d).
0
Suppose -3*r + 21 = 3*f, 5*f = -0*f - r + 19. Let d(v) be the second derivative of 3/2*v**f - v + 0 + 0*v**2. Determine d(-1).
-9
Let s(y) = 1 - 176*y + 170*y - 2 + y**2. What is s(5)?
-6
Let b(a) be the second derivative of -a + 0 + a**2 + 1/6*a**3. Suppose -4*c = -5*s + 2, 0*s + 8 = 4*s. Calculate b(c).
4
Let z(g) = g**3 - 3*g**2 - 3*g - 2. Suppose -o + 8 = 5. Give z(o).
-11
Let p(w) = w**2 + 8*w - 3. Suppose 35 - 130 = 19*t. Calculate p(t).
-18
Let a(p) = 5 - 6*p + 0 - 3. Determine a(3).
-16
Let x be 1 - 4 - (-22)/(-2). Let k = x - -9. Let c(b) = b**3 + 4*b**2 - 5*b - 7. Determine c(k).
-7
Let v(t) = 6*t**2 - 2*t. Let k(g) = g**2 + 1. Let w(z) = 3*k(z) - v(z). Give w(-2).
-13
Let p(l) = -l**2 + 3*l - 4. Let t(i) = i**2 + 12*i + 14. Let d be t(-11). Let g be p(d). Let s(q) = -4 - 2 - q**2 - 3*q - 4*q. Determine s(g).
6
Let f(s) = s**2 + 6*s - 7. Suppose 49 = 5*b - 11. Suppose -a - b = a. Calculate f(a).
-7
Let j(s) = s + 1. Let f(g) = -g**2 - 2*g - 6. Let l(d) = f(d) + 2*j(d). Give l(0).
-4
Suppose -12 = -3*i - 0. Let z(t) = -i + t - 1 + 2 + t**2. Give z(0).
-3
Let d(n) be the first derivative of -n**4/4 - 5*n**3/3 - 5*n**2/2 + 3*n + 5. Give d(-4).
7
Let n = 39 + -233/6. Let c(x) be the third derivative of -2*x**2 + 0*x**4 + 0*x + 1/30*x**5 + 0 + n*x**3. Give c(1).
3
Suppose 6*f - 4 = 2*f. Let g(o) = 3 - 3 - o + 1. What is g(f)?
0
Let z(y) = -y**2 - 4*y. Let x = 2 - 3. Let v(j) = 2*j**2 - 4*j + 3. Let t be v(2). Let g be (-2 - x)/(t/15). Determine z(g).
-5
Suppose m = 2 - 5. Let d(r) = -r**2 - 2*r - 3. What is d(m)?
-6
Let i = -1 - -3. Let c(f) = -f + 2*f - 3*f + i. Give c(5).
-8
Let f(k) = k**2 - k. Let g(v) = -v. Let a be g(-7). Let u = a - 6. Determine f(u).
0
Let b(j) = 0*j - j + j**3 - 1 - 6*j**3 + j**2. What is b(-1)?
6
Let o(i) = i**3 + 4*i**2 + 4*i + 1. Suppose 0 = h + 4*t + 11, 2*t + 7 = 3*h - 4*h. Give o(h).
-2
Suppose c + 5*x - 2*x + 1 = 0, -5*x - 15 = 3*c. Let g be 40/(-18) + c/(-45). Let p(r) = r**3 + r**2 + r. What is p(g)?
-6
Let u(i) = -3*i**3 + 4*i**2 - 8*i - 2. Let q(j) = 24*j + 7 + 13*j**3 - 9*j - 15*j**2 + 18*j. Let m(l) = 2*q(l) + 9*u(l). Give m(5).
-9
Suppose n + 0*n = -13. Let j be 15/(-5) - (n + 1). Let u(s) = 0 - 9*s**2 + s**3 + 2 + s + j*s**2. Calculate u(0).
2
Let z(m) = -m**2 - 3*m - 1. Let x be -3 + -4 + 1 + 0. Let g = x + 5. Give z(g).
1
Let r(s) = 2 - 1 - 2*s - 4. Let h be (153/68)/(1/((-4)/(-3))). What is r(h)?
-9
Let k be 68/6 - 9/27. Let x(g) = 5*g - 4*g - g + k*g**2. What is x(1)?
11
Let z(i) be the first derivative of i**2/2 + 1. Let f = 9 - 6. Suppose -3*l = -4*x + 2, x - f*l = 6 - 1. Determine z(x).
-1
Let x(w) = -w**3 - 3*w**2 + 2*w - 2. Let o(g) = -g**2 + 4*g + 6. Let l be o(5). Suppose -m + 4 = 0, 0 = -2*u - 3*m + 5 - l. What is x(u)?
6
Let q(j) = -j**2 - 8*j - 8. Let g be (1 - 5)/(6/21). Let x be (g/(-6))/(7/(-21)). Calculate q(x).
-1
Let y(t) = 2 - 20605*t - 1 + 20601*t. Determine y(2).
-7
Let f(t) = t**3 - 3*t**2 - 3*t + 1. Let m be f(4). Let u(n) = -n**3 - 4*n**2 - 2*n - 6. Let p be u(-4). Let c(d) = m + p + d + 0*d. Determine c(-5).
2
Let u(g) = g - 3. Suppose 4*h + 4*j - 20 = 8, -11 = -2*h - j. Let i be u(h). Let t(z) = 5*z + z + z**2 + i - 3 + 3. Give t(-5).
-4
Let m(l) be the second derivative of l**4/6 + l**3/2 + l**2/2 - 9*l. Suppose v - 2*h = -7, -3*h + 12 + 9 = -5*v. Calculate m(v).
10
Let u(f) be the second derivative of f**7/840 + f**6/60 + 7*f**5/120 + 5*f**4/24 - f**3/6 - 2*f. Let o(q) be the second derivative of u(q). Determine o(-5).
-5
Suppose 1 + 7 = -4*p. Let h(y) be the second derivative of y**4/12 + y**3/3 + y**2 + 21*y. What is h(p)?
2
Let q(n) = 2*n + 0*n - 4 - 9 + 12. Determine q(6).
11
Let m(s) be the third derivative of -s**9/60480 - s**8/2880 - s**7/840 - s**6/240 - s**5/15 + 4*s**2. Let z(h) be the third derivative of m(h). Give z(-6).
-3
Let f(v) = v**3 + 9 - 6*v - 4*v**2 - 3 + 0*v**3. Let c = 0 - -5. Determine f(c).
1
Let d(g) = g**3 - 6*g**2 + 2*g + 5. Suppose 2*x - 2 = 2*n, 5*n - x + 2*x + 5 = 0. Let s(y) = 5*y**2 - y. Let z be s(n). Give d(z).
17
Let z(o) = -2*o - 2. Suppose -2*k - 24 = 3*m, -2*m - k - 18 = k. Let x(u) = u + 1. Let d(y) = m*z(y) - 13*x(y). Give d(2).
-3
Suppose 2*c = 6 + 32. Let u = c - 15. Let i(w) = w**2 - 4*w + 2. Give i(u).
2
Let k(b) = 3 + 1 - 1 + 0 - b. Let c(w) be the first derivative of -w**4/4 + 5*w**3/3 - 2*w**2 + 3*w + 1. Let t be c(4). Calculate k(t).
0
Let y(n) = n**3 - 4*n**2 + n + 1. Let j